 prime factors of l?
2, 3
Let y(n) = 40*n**2 - 11*n - 10. What are the prime factors of y(-3)?
383
Let d = -27 + 47. What are the prime factors of d?
2, 5
Suppose 0 = -7*h + 4*h + 12, -4*h = -z. What are the prime factors of z?
2
Let l(f) = f**2 + 5*f + 6. Let i be l(-4). Suppose -i*n = -4*d + 55 + 85, d + 3*n - 49 = 0. What are the prime factors of d?
37
Suppose -l = l - 56. Suppose 6 + 2 = 2*a. Suppose 0 = q, -a*q - l = -2*j - q. What are the prime factors of j?
2, 7
Let t = -89 - -136. List the prime factors of t.
47
Let a(q) = q**2 + 5*q - 2. Let n be a(-5). Let u = 1 - n. What are the prime factors of u?
3
Let z(x) = 2*x**3 - 2*x + 1. Let m be z(2). Let i(u) = -11*u**2 - 4*u - m + u + u**3 + 15*u. List the prime factors of i(10).
7
Suppose 2*v = 4*h - 72, h + 2*v = -4*h + 99. What are the prime factors of h?
19
Let y(j) = 1. Let b(u) = u**2 + 15*u + 9. Let g(h) = -b(h) - 2*y(h). List the prime factors of g(-12).
5
Let z(h) = -h**2 - 7*h - 9. Let f be z(-6). Let b(o) = o**3 + 5*o**2 - 2*o - 4. What are the prime factors of b(f)?
2, 5
Suppose 0 = -5*i - h + 142, 2*i - 67 = -0*h + 3*h. List the prime factors of i.
29
Let c(q) = 2*q**2 + 2*q - 3. Let v be c(-3). Let h = -1 + v. Let u = h + 2. What are the prime factors of u?
2, 5
Let y = 2 - 4. List the prime factors of 12/(y/(-8)*6).
2
Suppose 3*k + 1 = -2*h, 5*k - h + 0*h + 6 = 0. Let z(b) = -13*b**3 - 1. What are the prime factors of z(k)?
2, 3
Let r = 37 + 16. List the prime factors of r.
53
List the prime factors of (1 - -39)*4/8.
2, 5
Let x be (27/(-18))/(6/(-4)). Let c = x - -20. What are the prime factors of c?
3, 7
Let p(d) = -2*d - 7. What are the prime factors of p(-6)?
5
Let o(x) = -x - 1. Let u be o(-5). Suppose -62 + 2 = -u*f. List the prime factors of f.
3, 5
Let z be 2 - (2 + 0) - 3. Let h = z + 6. What are the prime factors of h?
3
Let v = -4 + 4. Suppose 0 = -2*o + 2*h + 2, 0 = -v*h - 4*h + 20. What are the prime factors of o?
2, 3
Let h(m) = -m**2 - 10*m - 10. Let l = 5 - 2. Let u be -6 - (4/(-2) + l). List the prime factors of h(u).
11
Let x = 37 - 26. List the prime factors of x.
11
Suppose 4*j + 0*j = 8. Let c = j + 3. What are the prime factors of c?
5
Let h = 7 + -3. Suppose 4*y + 4 = 0, -7 = -2*t + 2*y + 29. Suppose t = q + h. What are the prime factors of q?
13
Let v(j) = 3 - 6 + 5*j**2 - 9*j**2 - 11*j. Let x(w) = -5*w**2 - 12*w - 4. Let o(a) = 6*v(a) - 5*x(a). List the prime factors of o(7).
3
Let u be -6 + -3 + 2 + 3. Let k be 2*5/((-10)/u). Suppose 4*g = -4*c + 20, k*g + 4 = -8. What are the prime factors of c?
2
Let k = 7 - 10. Let g = k + 1. List the prime factors of ((-14)/(-4))/(g/(-4)).
7
Let j(m) = -2*m - 3. What are the prime factors of j(-9)?
3, 5
Let s be -119*(27/(-21) - -1). Let g(n) = n**2 - 8*n - 8. Let w be g(6). Let u = s + w. What are the prime factors of u?
2, 7
Suppose -2*a + 5*v + 40 = 0, -2*a - 4*v + 45 - 5 = 0. Suppose -a - 24 = -b. List the prime factors of b.
2, 11
Suppose -a = -0*a - 49. List the prime factors of a.
7
Let t be ((-6)/9)/(8/(-36)). Suppose -t*i + 90 = -i. What are the prime factors of i?
3, 5
Suppose -l + 4*f = l - 60, -4*f = 3*l - 80. What are the prime factors of l?
2, 7
Let q(u) be the second derivative of u**3/6 + u**2 + 3*u. Let g be q(9). Let x = 19 - g. List the prime factors of x.
2
Suppose -3*g + 4*g = -23. Let m(w) = -w**3 + 9*w**2 - 10*w + 4. Let l be m(8). Let x = l - g. What are the prime factors of x?
11
Let h(a) = 9*a - 2. List the prime factors of h(6).
2, 13
Suppose -2*n = 3*h - 4*h - 90, -3*n = 5*h - 135. Suppose 16 - 2 = 7*a. Suppose 3*k - n = -a*k. List the prime factors of k.
3
Suppose 5*f + 4*y - 36 = 14, y - 40 = -4*f. What are the prime factors of f?
2, 5
Suppose 0*h + 40 = 5*h. What are the prime factors of h?
2
Suppose -5*i - 855 = -8*i. List the prime factors of i.
3, 5, 19
Let d = -12 - -30. List the prime factors of d.
2, 3
Let j(m) = m**2 - 5*m - 9. Let o be j(7). Suppose 5 = 4*v - 5*r - 0, o*r = 3*v. Suppose -2*a + 7 = -v*x - 7, 0 = 3*a + 2*x - 2. List the prime factors of a.
2
Let y = -11 - -17. Suppose 3*o - 4*u + y*u = 25, o - 4*u + 15 = 0. Suppose -k - s + 10 = -3, -35 = -2*k - o*s. What are the prime factors of k?
2, 5
Suppose -6*f + 0*f + 90 = 0. Let u = -7 + f. What are the prime factors of u?
2
Let q(h) = -h**3 - 6*h**2 + 7*h + 8. Let o be q(-7). Let i = -5 + o. Suppose -2*v + i*v - 6 = 0. List the prime factors of v.
2, 3
Suppose -6*c = -3 - 147. What are the prime factors of c?
5
Let b be -4 - (-2 - (-15)/3). Let l(h) = h**3 + 6*h**2 - 10*h - 9. What are the prime factors of l(b)?
2, 3
Suppose 0 = 4*u - n - n - 362, 3*u = n + 273. Suppose u = 4*q + i, -4*q = -3*q + i - 20. List the prime factors of q.
2, 3
Let c(r) = -8*r - 2. What are the prime factors of c(-5)?
2, 19
Suppose -4*v - 5*g = 25 - 142, -2*g = 4*v - 102. List the prime factors of v.
23
Let u = 78 + -55. What are the prime factors of u?
23
Suppose 0*p + p = -60. Let o = 104 + p. What are the prime factors of o?
2, 11
Let n = -1 + 1. Let x be n/1*1/1. List the prime factors of (-1 - 0) + x + 11.
2, 5
Suppose -2*v - w + 34 = -5*w, 0 = 2*v - 5*w - 30. List the prime factors of v.
5
Let y = -55 + 78. Let x(g) = -g**3 - 3*g**2 - 2*g - 1. Let f be x(-3). Suppose 2*i - y = -f. List the prime factors of i.
3
Let v(q) be the second derivative of -q**4/12 - 4*q**3/3 + 5*q**2/2 + 2*q. Let d be v(-8). Let c = 3 + d. What are the prime factors of c?
2
Let z(j) = -j**3 + 8*j**2 + 3*j + 1. Let v be z(8). Let n = v + -15. What are the prime factors of (14/5)/(2/n)?
2, 7
Suppose -3*z - 2*z = 0. Suppose 3*k - 41 = -3*y + 40, z = k - 4. What are the prime factors of y?
23
Suppose -6*j = -4*j - 324. What are the prime factors of j?
2, 3
Let r = 4 + -6. What are the prime factors of (4 + -3 - 51)/r?
5
Let x(a) = -a + 2. Let j be x(-4). Let u(o) = o + 4. Let i be u(j). Let s = 16 - i. What are the prime factors of s?
2, 3
Let q(n) = n**3 + n**2 - 4*n - 4. What are the prime factors of q(5)?
2, 3, 7
Let n = 27 - 13. List the prime factors of n.
2, 7
Let y be (1 - 0)/((-3)/(-9)). Suppose 3*l - 58 = -l + 2*o, y*o = -3. List the prime factors of l.
2, 7
Suppose 2*d - d + 5*l - 98 = 0, 0 = -4*l. What are the prime factors of d?
2, 7
Suppose 420 = -35*z + 39*z. List the prime factors of z.
3, 5, 7
Let o = -13 + 8. Let v = o - -9. Suppose 10 + 2 = v*h. List the prime factors of h.
3
Suppose 6*j - 48 = 4*j. List the prime factors of j.
2, 3
Let t(r) = 2*r - 4. What are the prime factors of t(3)?
2
Suppose 3*l - 5*l = 3*k - 280, 550 = 4*l + k. List the prime factors of l.
137
Let f(x) be the first derivative of -x**4/4 - x**3 - x**2 - 2*x + 3. What are the prime factors of f(-3)?
2
Let i(j) = j**2 + j - 9. What are the prime factors of i(9)?
3
Let h(l) = l**2 + 16*l - 50. List the prime factors of h(-23).
3, 37
Suppose 14 = 2*c + 2*j + 6, -j = -5*c + 20. What are the prime factors of (c/(-3))/((-4)/6)?
2
Let b(y) = -12*y**2 + 4*y - 3. Let p be b(2). Let l = -6 - p. What are the prime factors of l?
37
Suppose 0*m - 1080 = -9*m. List the prime factors of m.
2, 3, 5
Let t = 95 + -11. What are the prime factors of t?
2, 3, 7
Let c(b) = b**2 - 19*b + 24. List the prime factors of c(22).
2, 3, 5
Let n = 103 + -7. List the prime factors of n.
2, 3
Let v = 63 + -19. Let m = v + -31. List the prime factors of m.
13
Let m(n) = n**2 + 3*n - 2. Let b be m(-4). Suppose 0 = -3*x + 2*x + b. What are the prime factors of x?
2
Suppose 0 = 3*p + 3 - 9. List the prime factors of (-112)/(-21) - p/6.
5
Suppose 4*r - 2*s = 40, 2*r + 3*s = -r + 21. List the prime factors of r.
3
Suppose -2*z - 3 = -3*z. Let n be (0 - 1) + (-18)/(-2). Suppose -h = -z*h + n. List the prime factors of h.
2
Suppose -2*w - 5*t = -8 + 19, -3*w = -t - 26. List the prime factors of 2/(-7) + 65/w.
3
Suppose 3*i - 4*h - 20 = 0, 24 = 6*i - 2*i - 4*h. Suppose 0 = -3*y + 5*y - 2. Suppose 2*g = -i*q + 28, -q - g + 6 = y. What are the prime factors of q?
3
Let m = 4 + 1. Let g be (-2)/(-2) - (-4)/2. Suppose m*n - g = -o, -n = 2*n + 3. What are the prime factors of o?
2
Let m(j) = 2*j**2 - 5*j + 2. Let d(u) = u - 8. Let x be d(0). Let o be (1/(-2))/(1/x). What are the prime factors of m(o)?
2, 7
Suppose 2*j + q + 2 = 3*q, 0 = 3*q + 3. Let s be (-2 + 1 + -1)*j. List the prime factors of 14 - (s - 0 - 2).
